{"id":8,"date":"2015-12-17T07:17:58","date_gmt":"2015-12-17T07:17:58","guid":{"rendered":"http:\/\/webriti.com\/demo\/wp\/lite\/rambo\/?page_id=8"},"modified":"2024-04-05T11:14:14","modified_gmt":"2024-04-05T11:14:14","slug":"about","status":"publish","type":"page","link":"https:\/\/estructurasmetalicaseloybohorquez.com\/?page_id=8","title":{"rendered":"Servicios"},"content":{"rendered":"<div class=\"span6\"><\/div>\n<div class=\"span6\">\n<div class=\"head_title\">\n<h3><\/h3>\n<p><img loading=\"lazy\" decoding=\"async\" class=\"aligncenter wp-image-250\" src=\"http:\/\/estructurasmetalicaseloybohorquez.com\/wp-content\/uploads\/slider2\/9ceae09f-97ac-4587-939d-cf1b4ea7b2e71-1024x576.jpeg\" alt=\"\" width=\"647\" height=\"364\" srcset=\"https:\/\/estructurasmetalicaseloybohorquez.com\/wp-content\/uploads\/slider2\/9ceae09f-97ac-4587-939d-cf1b4ea7b2e71-1024x576.jpeg 1024w, https:\/\/estructurasmetalicaseloybohorquez.com\/wp-content\/uploads\/slider2\/9ceae09f-97ac-4587-939d-cf1b4ea7b2e71-300x169.jpeg 300w, https:\/\/estructurasmetalicaseloybohorquez.com\/wp-content\/uploads\/slider2\/9ceae09f-97ac-4587-939d-cf1b4ea7b2e71-768x432.jpeg 768w, https:\/\/estructurasmetalicaseloybohorquez.com\/wp-content\/uploads\/slider2\/9ceae09f-97ac-4587-939d-cf1b4ea7b2e71.jpeg 1328w\" sizes=\"auto, (max-width: 647px) 100vw, 647px\" \/><\/p>\n<\/div>\n<p><strong>Nuestros Servicios:<\/strong><\/p>\n<ol>\n<li><strong>Estructuras Met\u00e1licas para el Sector Industrial<\/strong>:\n<ul>\n<li>Dise\u00f1amos y fabricamos estructuras robustas y funcionales para plantas industriales, almacenes y centros log\u00edsticos.<\/li>\n<\/ul>\n<\/li>\n<li><strong>Edificaci\u00f3n y Construcci\u00f3n<\/strong>:\n<ul>\n<li>Colaboramos en proyectos de edificaci\u00f3n, proporcionando estructuras met\u00e1licas para edificios comerciales, residenciales y p\u00fablicos. Desde vigas hasta escaleras, nos aseguramos de que cada componente sea resistente y est\u00e9ticamente agradable.<\/li>\n<\/ul>\n<\/li>\n<li><strong>Obra Civil<\/strong>:\n<ul>\n<li>En obras p\u00fablicas y proyectos de infraestructura, nuestras estructuras met\u00e1licas son esenciales. Puentes, pasarelas, marquesinas y m\u00e1s: dise\u00f1amos y montamos con precisi\u00f3n para garantizar la durabilidad y la seguridad.<\/li>\n<\/ul>\n<\/li>\n<li><strong>Fabricaci\u00f3n Personalizada en Taller<\/strong>:\n<ul>\n<li>Adem\u00e1s de las estructuras mencionadas, en nuestro taller tambi\u00e9n creamos elementos personalizados. Desde <strong>puertas met\u00e1licas<\/strong> hasta <strong>mobiliario met\u00e1lico<\/strong>, materializamos tus ideas con calidad y precisi\u00f3n.<\/li>\n<\/ul>\n<\/li>\n<\/ol>\n<p><strong>\u00bfPor qu\u00e9 elegir Estructuras Met\u00e1licas Eloy Boh\u00f3rquez?<\/strong><\/p>\n<ul>\n<li><strong>Calidad<\/strong>: Cumplimos con todas las garant\u00edas de calidad y seguridad. Nuestro personal cualificado y formado garantiza resultados excelentes.<\/li>\n<li><strong>Compromiso<\/strong>: Trabajamos en estrecha colaboraci\u00f3n con nuestros clientes, siendo fieles al proyecto original y cumpliendo plazos.<\/li>\n<li><strong>Precio<\/strong>: Ofrecemos la mejor relaci\u00f3n calidad\/precio. No somos los m\u00e1s baratos, pero s\u00ed ofrecemos calidad y servicio.<\/li>\n<li><strong>Seguridad<\/strong>: Construimos estructuras met\u00e1licas seguras de forma segura.<\/li>\n<\/ul>\n<\/div>\n","protected":false},"excerpt":{"rendered":"<p>Nuestros Servicios: Estructuras Met\u00e1licas para el Sector Industrial: Dise\u00f1amos y fabricamos estructuras robustas y funcionales para plantas industriales, almacenes y centros log\u00edsticos. Edificaci\u00f3n y Construcci\u00f3n: Colaboramos en proyectos de edificaci\u00f3n, proporcionando estructuras met\u00e1licas para edificios comerciales, residenciales y p\u00fablicos. Desde vigas hasta escaleras, nos aseguramos de que cada componente sea resistente y est\u00e9ticamente agradable. Obra [&hellip;]<\/p>\n","protected":false},"author":1,"featured_media":224,"parent":0,"menu_order":0,"comment_status":"closed","ping_status":"closed","template":"","meta":{"footnotes":""},"class_list":["post-8","page","type-page","status-publish","has-post-thumbnail","hentry","post","post-with-thumbnail","post-with-thumbnail-large"],"_links":{"self":[{"href":"https:\/\/estructurasmetalicaseloybohorquez.com\/index.php?rest_route=\/wp\/v2\/pages\/8","targetHints":{"allow":["GET"]}}],"collection":[{"href":"https:\/\/estructurasmetalicaseloybohorquez.com\/index.php?rest_route=\/wp\/v2\/pages"}],"about":[{"href":"https:\/\/estructurasmetalicaseloybohorquez.com\/index.php?rest_route=\/wp\/v2\/types\/page"}],"author":[{"embeddable":true,"href":"https:\/\/estructurasmetalicaseloybohorquez.com\/index.php?rest_route=\/wp\/v2\/users\/1"}],"replies":[{"embeddable":true,"href":"https:\/\/estructurasmetalicaseloybohorquez.com\/index.php?rest_route=%2Fwp%2Fv2%2Fcomments&post=8"}],"version-history":[{"count":12,"href":"https:\/\/estructurasmetalicaseloybohorquez.com\/index.php?rest_route=\/wp\/v2\/pages\/8\/revisions"}],"predecessor-version":[{"id":378,"href":"https:\/\/estructurasmetalicaseloybohorquez.com\/index.php?rest_route=\/wp\/v2\/pages\/8\/revisions\/378"}],"wp:featuredmedia":[{"embeddable":true,"href":"https:\/\/estructurasmetalicaseloybohorquez.com\/index.php?rest_route=\/wp\/v2\/media\/224"}],"wp:attachment":[{"href":"https:\/\/estructurasmetalicaseloybohorquez.com\/index.php?rest_route=%2Fwp%2Fv2%2Fmedia&parent=8"}],"curies":[{"name":"wp","href":"https:\/\/api.w.org\/{rel}","templated":true}]}}