{"id":6,"date":"2015-12-17T07:17:45","date_gmt":"2015-12-17T07:17:45","guid":{"rendered":"http:\/\/webriti.com\/demo\/wp\/lite\/rambo\/?page_id=6"},"modified":"2024-04-11T08:35:43","modified_gmt":"2024-04-11T08:35:43","slug":"home","status":"publish","type":"page","link":"https:\/\/estructurasmetalicaseloybohorquez.com\/","title":{"rendered":"Home"},"content":{"rendered":"<hr \/>\n<p style=\"text-align: center;\"><strong>\u00a1Bienvenidos a nuestra p\u00e1gina web!\u00a0<\/strong><\/p>\n<hr \/>\n<p style=\"text-align: center;\">Estamos encantados de darles la bienvenida y esperamos sinceramente que encuentren nuestra plataforma \u00fatil y relevante para sus necesidades. En Eloy Boh\u00f3rquez Estructuras Met\u00e1licas \u00a0nos esforzamos por proporcionarle informaci\u00f3n valiosa, recursos y servicios que le sirvan de ayuda en sus proyectos. \u00a1Gracias por visitarnos y esperamos poder ser de gran utilidad para ustedes!<\/p>\n<p>&nbsp;<\/p>\n","protected":false},"excerpt":{"rendered":"<p>\u00a1Bienvenidos a nuestra p\u00e1gina web!\u00a0 Estamos encantados de darles la bienvenida y esperamos sinceramente que encuentren nuestra plataforma \u00fatil y relevante para sus necesidades. En Eloy Boh\u00f3rquez Estructuras Met\u00e1licas \u00a0nos esforzamos por proporcionarle informaci\u00f3n valiosa, recursos y servicios que le sirvan de ayuda en sus proyectos. \u00a1Gracias por visitarnos y esperamos poder ser de gran [&hellip;]<\/p>\n","protected":false},"author":1,"featured_media":0,"parent":0,"menu_order":0,"comment_status":"closed","ping_status":"closed","template":"","meta":{"footnotes":""},"class_list":["post-6","page","type-page","status-publish","hentry","post"],"_links":{"self":[{"href":"https:\/\/estructurasmetalicaseloybohorquez.com\/index.php?rest_route=\/wp\/v2\/pages\/6","targetHints":{"allow":["GET"]}}],"collection":[{"href":"https:\/\/estructurasmetalicaseloybohorquez.com\/index.php?rest_route=\/wp\/v2\/pages"}],"about":[{"href":"https:\/\/estructurasmetalicaseloybohorquez.com\/index.php?rest_route=\/wp\/v2\/types\/page"}],"author":[{"embeddable":true,"href":"https:\/\/estructurasmetalicaseloybohorquez.com\/index.php?rest_route=\/wp\/v2\/users\/1"}],"replies":[{"embeddable":true,"href":"https:\/\/estructurasmetalicaseloybohorquez.com\/index.php?rest_route=%2Fwp%2Fv2%2Fcomments&post=6"}],"version-history":[{"count":8,"href":"https:\/\/estructurasmetalicaseloybohorquez.com\/index.php?rest_route=\/wp\/v2\/pages\/6\/revisions"}],"predecessor-version":[{"id":387,"href":"https:\/\/estructurasmetalicaseloybohorquez.com\/index.php?rest_route=\/wp\/v2\/pages\/6\/revisions\/387"}],"wp:attachment":[{"href":"https:\/\/estructurasmetalicaseloybohorquez.com\/index.php?rest_route=%2Fwp%2Fv2%2Fmedia&parent=6"}],"curies":[{"name":"wp","href":"https:\/\/api.w.org\/{rel}","templated":true}]}}